u + 3. Let s(f) = -3*f - 40. Let o be s(-14). Let g be t(o). Let r(z) = z**3 + 5*z**2 - 2*z - 4. What is r(g)?
6
Suppose 488*l - 954*l + 60 = -476*l. Let y(q) = -8*q - 13. Give y(l).
35
Let p(x) be the first derivative of x**4/4 + 5*x**3/3 + 2*x**2 + 2*x + 1. Let y = -36 - -30. Let d be -3 + 0/7*(-1)/y. What is p(d)?
8
Let u(i) be the third derivative of -i**5/10 - i**4/24 - i**3/6 - 2*i**2. Let z be 2 - 2/6*(23 + -17). Suppose 9*q + 9 = -z*q. Determine u(q).
-6
Let w(g) = g + 1. Let s = -1583 + 1528. Let n = -71 + 14. Let m = s - n. Calculate w(m).
3
Let a(z) = -7 + z**2 - 4*z - 5*z + z + 2*z. Suppose 244*r - 312*r = -408. Give a(r).
-7
Let r(u) = -2*u + 1. Let w(p) = -3 - 2 - 536*p + 2 + 539*p. Let f(x) = 4*r(x) + 3*w(x). Suppose 16 + 24 = 8*h. Calculate f(h).
0
Let z(a) = -5*a - 16. Let b(r) = 4*r + 10. Let h(s) = -6*b(s) - 5*z(s). Let u be ((-17)/(-3))/((-7)/(-105)). Let o be (u/(-15) + 1)*3. Calculate h(o).
6
Let s(y) = 22*y**3 + 2*y - 1. Let f(b) = -2*b - 6. Let h be f(0). Let a be 0 + (h/(-3) - 2). Let t be (0 - (1 - a))*(1 + -2). Calculate s(t).
23
Let g(u) = 20*u - 8*u - 409454 + 409416. Determine g(4).
10
Suppose 3 = o + 2*o - 3*k, 0 = -3*o - 5*k + 19. Let u(c) = -429*c**3 + 0*c**2 + c**2 + 437*c**o. Give u(-1).
-7
Let x(y) = -y**3 + 6*y**2 + 20*y - 6. Let p be (-16 + 1)/((-1275)/765). Calculate x(p).
-69
Let f(x) be the second derivative of x**5/60 - x**4/2 - 3*x**3/2 - 259*x**2/2 + 6*x - 1. Let w(m) be the first derivative of f(m). Determine w(12).
-9
Let o(r) = 35*r + 6*r**2 - 22*r**2 + 0*r**2 + 8*r**2 - 8 + 9*r**2. Calculate o(-35).
-8
Let g = 35 - 5. Suppose -58*u = -55*u + g. Let x(a) = a**2 + 11*a + 3. What is x(u)?
-7
Let t(d) = 4*d + 5 - 3*d - 1. Let g = -217831 + 217831. Give t(g).
4
Let m(b) = 3*b + 103. Let i(v) = -1. Let q(c) = -5*i(c) + m(c). Let d(u) = u + 37. Let w(g) = 17*d(g) - 6*q(g). Determine w(-11).
-8
Let m(y) = -29*y**2 - 10*y + 71. Let t(i) = -20*i**2 - 10*i + 71. Let w(z) = -2*m(z) + 3*t(z). Give w(-9).
-1
Let x(k) be the third derivative of k**8/20160 + k**6/720 - 13*k**5/12 + 90*k**2. Let r(o) be the third derivative of x(o). What is r(-4)?
17
Let t(s) = -2*s**3 - s**2 + 2*s. Let w be t(-2). Let v(c) = w - 4*c - 20 + 11. Suppose -6*p + 4*x = -5*p + 19, -4*p - 16 = -4*x. Give v(p).
-5
Let u(x) be the second derivative of x**4/12 + 2*x**3/3 + x**2/2 + x. Let m be 8 + (-2)/(-14) + (-1944)/84 + 13. Give u(m).
-3
Suppose 30 = -2*i + 5*g, 4*i - 2*g + 4 = -24. Let h(n) = 2*n**2 + 11*n + 7. Let s(z) = 3*z**2 + 16*z + 10. Let x(o) = i*s(o) + 8*h(o). What is x(-5)?
-9
Let f(r) = -5*r**2 - 3*r - 3. Suppose -5*z - 185 = -180. Let j be f(z). Let n(b) = -4*b - 4 + 0*b - 3. What is n(j)?
13
Let q = -1 + -1. Let c(a) = -2*a - 2. Let d(w) = 8*w - 32*w + 21*w - 4. Let p(k) = 3*c(k) - d(k). Give p(q).
4
Let d(m) = m**3 + 9*m**2 - 22*m + 40. Let k be d(-11). Let v(t) = 2*t - 77. Calculate v(k).
3
Let w(q) = -q**3 - 7*q**2 - 20*q - 85. Let x be w(-6). Let v(c) = 13*c**2 + c - 1. Calculate v(x).
11
Let i(d) be the first derivative of 26 + 7*d - 1/3*d**3 - 11/2*d**2. Give i(-6).
37
Let j = -7223 + 7211. Let s(u) = -u**3 - 14*u**2 - 23*u - 8. Give s(j).
-20
Let q(r) = -163*r - 243. Let x(o) = -465*o - 729. Let k(v) = 17*q(v) - 6*x(v). Determine k(-13).
-4
Let p = 9 + -6. Let x be ((-4)/(-6))/(1/(-132)*-2). Let h(i) = 47 - 91 + x - 3*i. What is h(p)?
-9
Let t(f) = -f**2 - 3*f + 6. Let z(k) be the first derivative of -k**3/3 - 3*k**2/2 + 5*k - 2. Suppose 0 = -6*n - 31 + 43. Let q be z(n). Give t(q).
-4
Let q = -62 - -40. Let p be 2 + -4 + 150/5. Let t = p + q. Let m(d) = d**3 - 8*d**2 + 9*d - 6. What is m(t)?
-24
Suppose -3*g + 29 = -4*h, -14 = -4*g + 4*h + 18. Let i(q) = g*q - 4*q + 6 - 20. Give i(-9).
-5
Let c(i) = -21*i**3 + 8 + 25*i - 3*i + 22*i**3 - 8*i**2 - 3*i - 13*i. Give c(7).
1
Suppose -26 = -8*h + 21*h. Let n(q) = q**3 + 7*q**2 - 5*q + 2. Let i(w) = w**3 + w - 1. Let x(k) = h*i(k) + n(k). Determine x(4).
24
Let m = -177 + 179. Let r(s) = -s**m + 48*s**3 - 133*s**3 + 44*s**3 + 0*s**2 - s + 50*s**3. Let i(j) = -j**2 - 6*j + 6. Let k be i(-7). Give r(k).
-9
Suppose 356*j = -35*j + 1564. Let s(z) = z**3 + 2*z**2 - 14*z + 2. What is s(j)?
42
Let w(o) be the second derivative of 3*o**5/20 - o**4/4 - 2*o**3/3 - o**2/2 - 178*o. What is w(3)?
41
Let h(j) = -3*j + 33. Suppose -26*p = 2*p - 336. Give h(p).
-3
Let p(g) be the second derivative of -g**5/20 - 4*g**4/3 + 8*g**3/3 + 9*g**2/2 - 36*g + 6. Determine p(-17).
26
Let a be (-2)/(-8) - 78/(-8). Let d(u) be the first derivative of -u**2/2 + 5*u + 138483. What is d(a)?
-5
Let z(k) be the second derivative of -k**4/12 + 8*k**3/3 - 7*k**2 + 2*k - 821. Determine z(14).
14
Let j(i) = i**3 + 8*i**2 + 1973 - 3922 + 8*i + 1958. Determine j(-6).
33
Let w(p) be the second derivative of 12*p + 1/240*p**6 + 0*p**2 + 0*p**3 + 0 + 1/120*p**5 - 7/3*p**4. Let l(v) be the third derivative of w(v). Give l(6).
19
Let l be (-1036)/112 - 3/(-12). Let h(z) = 7*z - 14. Calculate h(l).
-77
Let l = 34 + 106. Let i = -138 + l. Let b(p) = 121*p + 0 - 2 - 122*p + p**3. Determine b(i).
4
Let n = 547 - 508. Suppose -n = -5*x - 9. Let f(q) = 6*q - 15. Give f(x).
21
Let s(y) = -10*y**2 + 21*y**2 - 6*y - 9*y**2 - 3*y**2 - 5*y - 12. Determine s(-9).
6
Let x(d) = 23*d + 40. Let r(s) = -123*s - 213. Let u(o) = 3*r(o) + 16*x(o). Let p(k) = k**3 - k**2 - k + 1. Let f be p(0). Calculate u(f).
0
Let n be 27/(3510/26)*(1 - (-2)/(-2)). Let l(m) = -2 - 2 + 2*m + 3*m. Let a be l(n). Let c(b) = -3*b - 6. Give c(a).
6
Let f(w) = -80*w + 21. Let l(i) = 16*i - 4. Let q(g) = -2*f(g) - 11*l(g). Let o be q(2). Let t be 18/o - 3/(-5). Let v(a) = a + 15. Calculate v(t).
15
Let w(a) = -a**2 + 2. Let g(q) = 6*q - 45. Let x be g(8). Suppose -4*k - f - 3*f + 64 = 0, 2*k + x*f - 28 = 0. Suppose k*n - 21*n = 0. Give w(n).
2
Suppose 2*a - y = 24, a + 1 = 3*y + 13. Let l = 18 - a. Let p(x) = -6*x**2 + 3*x + 3*x**3 - 4*x**2 + l*x**2. Give p(2).
14
Let i(l) be the first derivative of -l**3/3 + 12*l**2 + 21*l - 7383. Calculate i(25).
-4
Let o(n) = -n**2 + 11*n - 15. Let g(l) = -2*l**2 + 12*l - 13. Let d(w) = 2*g(w) - 3*o(w). Determine d(5).
-51
Let v(x) = -x**3 + 20*x**2 + x - 14. Let m be v(20). Let a(q) = -20*q - m + 26 - 21. Determine a(-1).
19
Let w(a) = -9 + 3 + 1 + a. Let l(y) be the second derivative of -y**3/2 + 29*y**2 + 3*y - 4. Let u be l(17). Determine w(u).
2
Suppose -b = -4*b + 9. Let h(o) = o**2 - 2*o - 1. Let t(m) = 5*m**2 - 14*m - 46. Let n(a) = -6*h(a) + t(a). Let r(u) be the first derivative of n(u). Give r(b).
-8
Suppose -13126*a + 196 = -13098*a. Let r(j) = j**3 - 8*j**2 + 5*j + 14. Give r(a).
0
Let l(o) be the third derivative of -o**5/20 + o**4/6 + o**3/2 + 95*o**2. Suppose 4*m - 10 = 14. Suppose -4 = 5*b + m. Give l(b).
-17
Let m(w) = -w**2 - 6*w + 7. Let f(s) = -s**2 - 6*s + 8. Let l(p) = -4*f(p) + 5*m(p). Suppose -10*j - 15 = -8*j - o, -3*o = 5*j + 10. Determine l(j).
8
Let p(q) = 556*q + 68394. Let r be p(-123). Let t(d) = d + 6 + 0*d - 6*d. Determine t(r).
-24
Let s(u) = u**2 + 2*u + 5. Suppose l - 3*l = 7*l. Suppose l = 29*j - 38*j. What is s(j)?
5
Let y(h) = -11*h + 100. Let q(d) = 21*d - 185. Let l(i) = -3*q(i) - 5*y(i). What is l(5)?
15
Let y(o) = -111*o - 63. Let g(u) = 15*u + 9. Let x(p) = -15*g(p) - 2*y(p). Give x(-3).
0
Let l(a) = a**2 - a + 1. Let j be l(1). Let d(x) be the first derivative of 0*x**2 - 22 + 10/3*x**3 + x. What is d(j)?
11
Let w(g) = 3*g - 6. Let q(u) be the first derivative of 10*u + 6 + 7/2*u**2 + 1/3*u**3. Let d be q(-6). Calculate w(d).
6
Let y(n) = 868 + 8*n**3 + 20*n - 867 - 22*n. Suppose -1 = -2*o + 1. Give y(o).
7
Let r(v) be the first derivative of -v**3/3 + v**2/2 + 3*v + 2. Let p(b) = 26*b**2 - 1016*b + 78. Let x be p(39). Calculate r(x).
3
Suppose -4*y - 37 = -5*q, 7*q + 5*y + 10 = 6*q. Let h(s) be the third derivative of s**4/24 - s**3/6 + 7*s**2 - 5. Give h(q).
4
Suppose 5*z - f = 1247, -2*f = -z + 30 + 214. Let q be z/(-15)*((-4)/10 - 2). Let o(i) = -85 - 5*i**2 + q + 43 + 4*i. Determine o(2).
-14
Let c = 1022 + -1023. Let i(b) = -9*b**3 + b + 1. Calculate i(c).
9
Let q(u) = -5*u + 6. Suppose 0 = -132*s + 61 + 77 - 6. Calculate q(s).
1
Let m(h) = h**3 - 2. Let o = 19 - 31. Let f be 5 + (o/(-2))/(-3). Suppose f*t - 2*d - 12 = -0*t, -4*d = -t + 14. Determine m(t).
6
Let t